 Calculate the highest common factor of x and 27.
27
Let l = -16 + 159. Suppose -d + 10 + 94 = 0. Let p be (1/2 + -1)*d/(-4). Calculate the highest common divisor of l and p.
13
Let w = -351 - -381. Let g = -5 - -9. Suppose 38 = g*l - 2. What is the highest common divisor of l and w?
10
Let x(w) = w**3 + 2*w**2 - 12*w + 20. Let n be x(3). Suppose n*v = 19*v + 920. What is the highest common factor of 46 and v?
46
Let j(v) = -v**3 + 40*v**2 + 6*v - 50. Let m be j(40). Let a be (-260)/(-114)*21 - (-20)/m. Calculate the highest common factor of a and 276.
12
Let g(b) = -b**3 + 14*b**2 - 47*b + 24. Let s be g(6). What is the greatest common factor of s and 255?
15
Let r = 31 + -19. Let c = 9 + r. Suppose 3*s - 4 = 5*p, 6*p = -2*s + 7*p + 5. What is the highest common divisor of c and s?
3
Let s(n) = 154*n - 13. Let f be s(2). Let d = 48 + -28. Let u be f/d - 3/(-12). Calculate the highest common divisor of 120 and u.
15
Suppose 4*y + 10 = -5*l + 46, 0 = -2*y + 3*l + 40. Suppose 8228 = -y*i + 36*i. What is the highest common divisor of i and 34?
34
Let r = -328 - -200. Let w = -107 - r. Suppose 19*k = w*k - 1298. Calculate the highest common divisor of k and 59.
59
Let r(o) = 10*o + 36. Let u be 2*((-108)/(-8))/(-9). Let a be r(u). What is the highest common divisor of a and 102?
6
Suppose -40*d - 343 + 1399 = -18*d. What is the greatest common divisor of 4392 and d?
24
Let k(c) = 2262*c - 3618. Let y be k(5). What is the greatest common divisor of 24 and y?
12
Let l be 293 + -81 - (2 - -2). Calculate the greatest common factor of l and 364.
52
Let x be (267/(-9) - 3)/(1/(-30)). Suppose x = 7*b + 7*b. Calculate the highest common factor of 28 and b.
14
Let s be 20/(-210) + 222306/441. What is the greatest common divisor of s and 99?
9
Suppose -899 = -153*d + 3396 - 1235. What is the greatest common divisor of d and 11630?
10
Let m(a) = -a**2 - 59*a - 155. Let d be m(-52). Suppose 2*s - 279 = -d. Calculate the greatest common factor of 35 and s.
35
Let r(s) = -s**3 - 29*s**2 + 87*s + 809. Let x be r(-31). Let h(i) = 6*i**2 - 12*i - 4. Let f be h(-8). What is the highest common divisor of f and x?
34
Let v(u) = -3*u**3 - 16*u**2 - 10*u - 28. Let p be v(-5). Let m(l) = 19*l**2 - 9*l - 36. Let j be m(p). Calculate the greatest common divisor of j and 90.
18
Suppose 4212 = 3*i - 738. What is the greatest common divisor of i and 198?
66
Let i(w) = -w**3 - 35*w**2 - 182*w + 128. Let m be i(-6). Let x(b) = b**3 + b**2 - b + 1. Let s be x(2). Calculate the greatest common factor of s and m.
11
Let w(z) = -3*z**2 + 36*z + 1. Let i be w(15). Let s = -122 - i. Suppose 0 = 2*v, -d - 3*v = -6*v - 18. Calculate the highest common factor of s and d.
6
Suppose -75 + 74 = 10*c - 151. Let a(b) = 136*b - 5. Let z be a(5). What is the greatest common divisor of z and c?
15
Suppose -209*z + 200*z = -63. Suppose 3*f = z*f - 56. What is the greatest common divisor of 742 and f?
14
Suppose p + 0*p + 18 = 3*l, 5*l - 19 = -2*p. Suppose l*j - 140 = -4*s, 33 = -0*j + 2*j - 3*s. Calculate the greatest common divisor of 156 and j.
12
Let h = 9077 + -9002. Calculate the greatest common divisor of h and 10125.
75
Let i = -33 - -92. Let u = i - 44. Suppose 2*f + 390 = u*f. Calculate the highest common divisor of f and 20.
10
Suppose -28*d + 171 - 479 = 0. Let k(w) = 3*w**2 + 35*w + 24. Let l be k(d). What is the highest common divisor of 54 and l?
2
Suppose 0 = -5*b - 15, 321*y - 319*y + 4*b - 868 = 0. Let h = 154 + -74. Calculate the highest common factor of h and y.
40
Let y = 4604 - 4536. What is the highest common divisor of y and 85?
17
Suppose 0 = 4*j - u - 123, -2*u - 180 = -5*j + 3*u. What is the highest common divisor of j and 609?
29
Let m = 43 - 27. Let l(q) = -28*q + 31. Let t be l(7). Let g be (4*-1 - (15 + t)) + -2. Calculate the highest common divisor of g and m.
16
Let i(t) = 335*t - 7. Let n be i(1). Let w = -160 + n. What is the greatest common divisor of 14 and w?
14
Suppose 0 = 8*n + 3*n - 337752 - 108551. What is the greatest common factor of n and 13?
13
Let u(q) = -317*q + 3867. Let j be u(12). What is the highest common factor of 161 and j?
7
Let x = 4402 + -4259. Calculate the highest common factor of 364 and x.
13
Suppose 17*n - 473 - 292 = 0. What is the highest common factor of n and 2925?
45
Let l(x) = -108*x - 1497. Let z be l(-14). Calculate the greatest common divisor of 20145 and z.
15
Suppose p - 5*u + u = 7, -5*u = 0. Let j(c) = -c**2 + 18*c - 56. Let m be j(10). Let r be (1/1 - -4) + -22 + m. Calculate the highest common divisor of r and p.
7
Suppose 0 = -10*y + 13*y - 1377. Let p be (-16)/(-6)*(3 - y/(-18)). What is the greatest common divisor of p and 19?
19
Let j = 21 + 563. Let h = -567 + j. What is the greatest common divisor of h and 7?
1
Let v be 1 + (-7 - (-2 - 1)) - -503. Suppose v = 11*a + 115. What is the highest common factor of 35 and a?
35
Let g(h) = 85*h + 7. Let t be g(5). Let w = 157021 + -156859. Calculate the greatest common divisor of t and w.
54
Let l(q) = 50*q + 18. Let t be l(4). Let g = -210 + t. What is the greatest common divisor of g and 1?
1
Suppose 0 = -4*y - 5*s - 4647 + 14234, -3*s - 15 = 0. Calculate the greatest common divisor of 27 and y.
27
Let h(z) = -48*z - 126. Let n be h(-3). Let o be 1/1 - -106*1. Let d = -62 + o. Calculate the greatest common divisor of n and d.
9
Let t = 64 + -73. Let f(b) = -b**2 - 16*b - 55. Let a be f(t). What is the greatest common divisor of 8 and a?
8
Let g(d) = 3*d**3 - 50*d**2 + 32*d + 11. Let p be g(16). Let b be 13598/286 - 6/p. Calculate the highest common divisor of b and 611.
47
Suppose 0 = 5*z - 3*k - 78, 2*z + 2*k + 5 = 33. Suppose z*w - 16*w = -40. Suppose 0 = 3*o - 63 - 9. Calculate the highest common divisor of o and w.
8
Let r be 28 + (0 - 1) + 0. Let k be 21/126 - 58*199/(-12). Suppose i - v = -0*i + 245, -4*i - 5*v + k = 0. What is the highest common divisor of i and r?
27
Let t = 9818 + -9458. What is the highest common factor of 1280 and t?
40
Let j be (2/(-6))/(6*1/(-72)). Suppose -j*r + 3*i = -145, 3*r + 4*i + 0*i - 90 = 0. Calculate the greatest common factor of 68 and r.
34
Let t(v) = 40*v + 1. Let k be t(1). Suppose 56 = 23*h - 13. Suppose 3*o - 2*o = -4*p + 29, h*o - p - 126 = 0. What is the greatest common factor of k and o?
41
Let o(t) = 653*t**2 + t + 2. Let r be o(-1). Suppose -5*p + r = -3*i, 4*i = 5*p + 366 - 1233. Let b = i + 323. What is the highest common factor of 10 and b?
10
Suppose 32*i = 67732 + 62060. What is the highest common divisor of i and 104?
104
Suppose -10*l + 56870 + 26710 = 0. Calculate the highest common factor of l and 42.
42
Let o be (-1)/(-10) + 23/(-230). Suppose u + 5*p + 4 = o, -5*p + 28 = -16*u + 19*u. Suppose 0 = 3*k - 7*k + 4. Calculate the greatest common factor of k and u.
1
Let l = 9351 + -9344. Calculate the greatest common divisor of l and 7.
7
Suppose 8029*g - 8046*g + 142494 = 0. What is the highest common divisor of 11 and g?
11
Let l(y) = 51*y**2 - 13*y + 4. Let b be l(10). Calculate the greatest common divisor of b and 6.
6
Suppose -48*u + 45*u = 282. Let f = u + 96. Suppose -33 - 9 = -f*o. What is the highest common factor of 28 and o?
7
Let g be (-38)/(-12) - 6/36. Suppose v = -g*w + 2*w + 44, w + 5*v = 48. Let k = -68 + 197. What is the highest common divisor of k and w?
43
Let n be ((-20)/3 + 7)*1*(66 - 0). Suppose 0 = 4*y - 3*y + 19. Let q = n + y. What is the greatest common divisor of 4 and q?
1
Let o = -292 - -411. Let f be ((-5)/(-2))/((-2016)/1088 - -2). What is the highest common factor of o and f?
17
Let v(x) = -x**2 + 51*x + 272. Let n be v(55). What is the greatest common factor of n and 195?
13
Suppose -n + 223 = 64. Suppose -5*v - 8*g + 518 = -5*g, 440 = 4*v - 4*g. Calculate the greatest common divisor of n and v.
53
Let k(w) = -w**3 + 127*w + 258. Let y be k(-2). What is the greatest common factor of 7476 and y?
12
Let m = 1522 + -1499. What is the highest common divisor of m and 529?
23
Let i(q) = -67*q + 278. Let t be i(4). Suppose -3*j + j = 0. Let r be (j + 1)/(t/490). What is the greatest common divisor of 7 and r?
7
Let q = -608 + 638. Suppose 46 = -2*i + 3*n, n - 42 = -0*i + 2*i. Let w be (i/q)/((-35)/(-18) - 2). Calculate the greatest common factor of 60 and w.
12
Let y be (26 - 15 - 1